= 25 + j. Calculate the highest common factor of 225 and m.
25
Suppose 0 = -5*x - 2*f + 476, 3*x - 13*f = -8*f + 298. What is the greatest common factor of x and 1128?
24
Suppose n = -4*z + 17, 9*n - 8*n - 11 = -z. Suppose -4*x + 99 = -n. Let d(w) = 7*w**2 - 9*w - 9. Let j be d(-6). What is the highest common divisor of x and j?
27
Suppose 370*s - 14 = 372*s, 0 = 3*o - 4*s - 4000. Calculate the greatest common divisor of o and 8.
4
Suppose 0 = 29*r + 5*r - 1326. Suppose p + 5*q - 22 = 0, 2*q + 176 = 5*p + r. What is the highest common factor of 54 and p?
27
Suppose -t - c + 41 = 0, -3*t + 3*c + 83 + 28 = 0. What is the highest common divisor of t and 3419?
13
Let u = -9883 - -10075. Calculate the highest common factor of 7008 and u.
96
Suppose -20 = 8*x - 36. Suppose -3*b + 8*n = 13*n - 45, -x*n + 26 = 2*b. What is the highest common factor of b and 55?
5
Suppose -3*c = -3*t - 738, 485 + 249 = 3*c - 2*t. What is the highest common divisor of 352 and c?
22
Let d = -39 + 52. Suppose s + 8 = d. Suppose s*r - 352 = 3*r. What is the greatest common factor of 22 and r?
22
Suppose 8*w = 24, 48*w - 45*w = 4*t - 199. Calculate the highest common factor of t and 12324.
52
Suppose -278*b + 139*b = -112*b - 216. Calculate the greatest common divisor of 632 and b.
8
Suppose 2*m - 3*c - 16569 = 0, 9*m + 4*c + 41447 = 14*m. Calculate the greatest common divisor of m and 105.
105
Let m(a) = -4*a**3 + 167*a**2 + 59*a - 12. Let c be m(42). Calculate the greatest common divisor of c and 104.
26
Let l(m) = m**2 - 7*m. Let u be l(8). Suppose 0 = -u*t + 29 - 5. Suppose 14 = -t*p + 4*p. Calculate the greatest common divisor of 70 and p.
14
Let n be (-372)/9*(-1)/(-2)*-3. Let m be n/14 - 4/(-7). Let x(c) = 2*c**2 - 9*c + 9. Let t be x(m). Calculate the greatest common factor of 154 and t.
14
Suppose 0 = -36*m + 332 + 11440. What is the highest common divisor of m and 3?
3
Let l(f) = 88*f**2 + 4*f + 4. Let s be l(4). Suppose 163 = 4*b + 286*g - 285*g, -5*b + 18*g + 300 = 0. What is the greatest common factor of s and b?
42
Let l = 2846 - -859. Calculate the highest common factor of l and 19.
19
Suppose -k = -2*k + 27. Suppose -2088*q + 16 = -2092*q, 2*q + 3878 = 10*z. What is the highest common divisor of z and k?
9
Let b be (720/(-96))/((-3)/54). Calculate the greatest common factor of 1170 and b.
45
Suppose -51 + 1 = 5*p. Let z = 34 + p. Calculate the highest common factor of z and 312.
24
Suppose -23*i = -21*i - 5*j - 3033, -i + 4*j = -1509. Calculate the greatest common factor of i and 11.
11
Suppose 27*p + 1469 - 13910 = 411. Calculate the highest common factor of p and 1394.
34
Suppose -6*q + 237 = -351. Let j = q + -82. Let c = j + 24. What is the greatest common divisor of c and 16?
8
Let v(k) be the second derivative of 37*k**3/6 - 6*k**2 - 27*k. Let i be v(5). Let a = i + -135. Calculate the greatest common divisor of 304 and a.
38
Let l(p) = p - 3. Let o be (-525)/(-49) - (-4)/14. Let y be l(o). Suppose y*c + 138 = 11*c. What is the greatest common factor of 115 and c?
23
Suppose -t = 281 - 413 - 517. What is the highest common factor of t and 11?
11
Let k = -852 - 127. Let w = 1155 + k. Calculate the greatest common factor of w and 396.
44
Suppose -5*a = -56 + 36. Suppose -9*q + 2*r + 1001 = -a*q, 2*q = r + 400. Calculate the greatest common divisor of q and 67.
67
Suppose 0 = 90*z + 49*z - 30*z - 5232. Calculate the greatest common divisor of z and 5424.
48
Let h(w) = 2*w + 26. Let q(r) = -9*r - 8. Let c = 71 - 73. Let i be q(c). Let z be h(i). Calculate the highest common divisor of z and 230.
46
Suppose 2*g - 3*k - 4579 = 0, -g - 2*k + 2267 = k. What is the highest common divisor of g and 28?
14
Let l(n) = n**2 + 3*n - 2. Let y be l(-5). Suppose y*x - 13*x = j - 143, -x + 13 = -5*j. Calculate the greatest common factor of 49 and x.
7
Let t(n) = 3*n**2 + 166*n + 1312. Let h be t(-9). Calculate the highest common divisor of 3 and h.
1
Suppose -5491*s + 5476*s + 30 = 0. Calculate the greatest common divisor of s and 31.
1
Suppose 0 = -m + 3*k - k + 616, -604 = -m - 4*k. Let x = 624 - m. What is the greatest common factor of 16 and x?
4
Let v be 22 + 542 + (1 - 6). Calculate the highest common divisor of 43 and v.
43
Suppose -2*t - 4 = -8. Suppose -t*i - 2 = -4, 3*n - 475 = 5*i. Calculate the greatest common divisor of 20 and n.
20
Let r be 13 + 741/(-15)*-5. What is the highest common factor of r and 3068?
52
Let s be 12/(-42) - ((-30)/7 - 0). Suppose -s*x - 60 = -4*h, 3*x - 6*x = h + 5. Calculate the greatest common divisor of h and 120.
10
Let b = 5602 - 5554. Calculate the highest common divisor of 3144 and b.
24
Let c(r) = 2*r**2 + 2*r + 23. Let k be c(0). Let n(v) = -v**3 + 23*v**2 - 8*v - 47 + 10*v + 13. Let t be n(k). What is the greatest common factor of t and 84?
12
Let q be 620/45 - -1 - 10/(-45). Suppose 2*m = 5*x + 337, -3*m - 5*x + 448 = -x. Suppose -m + 831 = 5*d. Calculate the greatest common factor of q and d.
15
Let i be 2/(-6)*(-103 - -46). Let z be (i/2)/(1/4). What is the greatest common divisor of z and 95?
19
Let f = -373986 - -374000. Let y(h) = -h**2 - 2*h + 6. Let u be y(4). Let z = -11 - u. What is the highest common factor of f and z?
7
Suppose 3*o - 174 = -f, 5*o - f - 170 = 128. What is the highest common factor of 4 and o?
1
Let u be ((-19)/(-2))/((-10)/(-15) - 44/72). What is the highest common divisor of u and 26847?
171
Let k(l) = -4*l**2 - 4 - 25*l**3 + 26*l**3 + 6*l**2 + 38 + 8*l**2 - 9*l. Let u be k(-11). Calculate the highest common divisor of 468 and u.
12
Suppose 0*p - 16 = -4*a - 4*p, a - 5*p - 10 = 0. Let y(d) = d**2 - 2*d + 21. Let x be y(a). Calculate the highest common factor of 48 and x.
12
Suppose -77 + 465 = s. Suppose -2*i = -4*b - s, -242 = -i - b - 54. Calculate the greatest common divisor of 10 and i.
10
Suppose 4*o - 446 = -4*t + 2*o, -3*t = -4*o - 340. Suppose 0 = 3*d - t - 44. What is the greatest common factor of 28 and d?
4
Let m(a) = -a**3 + 16*a**2 - 8*a + 80. Let p be m(14). What is the greatest common divisor of 792 and p?
72
Let a = 4935 - 3538. What is the greatest common divisor of 22 and a?
11
Let w(r) = r**2 + 13*r - 84. Let q be w(11). Suppose 7 = 3*d - 53. Calculate the highest common divisor of d and q.
20
Suppose -5*n + 3*t = -179, n - 4*n = -t - 105. Suppose -n*j + 104 = -30*j. Calculate the greatest common divisor of 169 and j.
13
Let v(r) = 36*r**3 + 2*r**2 - r. Let n be v(1). Let k be 200/300 - 1550/(-6). Calculate the highest common factor of n and k.
37
Let k be -1 + (4 - 4) + 6. Suppose -c + 4*y + 155 = 0, -k*c + y = -513 - 167. What is the greatest common factor of c and 27?
27
Let p = -53 + -31. Let z = p + 93. Suppose -l - 4*k = -5, 5*l + k = 38 + 6. Calculate the highest common divisor of l and z.
9
Let c = 68 + -59. Suppose -2*a = y - 60 + c, 2*y - 2*a = 120. Let r be y*4/12 - -3. Calculate the highest common divisor of 198 and r.
22
Suppose 43*c - 8096 + 1732 = 0. What is the highest common divisor of 104 and c?
4
Let n(v) = -v - 11. Let w be n(-5). Let a be ((-21)/w - 0)*36/63. Let x be (-6 - 0)*6/(-18). Calculate the highest common divisor of x and a.
2
Suppose -18 = -3*g - n - 8, -5*n + 10 = 5*g. Let v(f) = 26*f + 7*f**2 - 6*f**2 + 14 + 80. Let b be v(-22). What is the greatest common divisor of g and b?
2
Let c be ((-144)/(-20))/(-4)*(-35)/21. Suppose -c*k - 2*m - m + 18 = 0, 5*m = 10. What is the highest common divisor of k and 1?
1
Suppose -2*x - 3*x + 525 = 0. Let b(v) = -v**3 + 10*v**2 - 14*v - 19. Let z be b(7). What is the greatest common factor of x and z?
15
Suppose 0 = -16*w + 11*w + h + 84, 2*w + 3*h - 54 = 0. Calculate the highest common factor of 9756 and w.
18
Let y = 915 - 896. Calculate the greatest common factor of y and 3382.
19
Let f be -5 - -6 - (0 + -1). Suppose 3*z - 181 = -4*c, -2*z + f*c + 102 = -0*c. Suppose -z + 79 = y. What is the highest common factor of 72 and y?
24
Let h be 40/7*141/235*(6 + 1). Calculate the greatest common divisor of h and 72.
24
Let j = 4233 + -3960. Suppose 4*g + 3*v + 2*v - 69 = 0, -4*g = v - 81. What is the highest common factor of g and j?
21
Let q = 1431 + -1382. Calculate the highest common divisor of q and 7.
7
Suppose -6*l + z = -375, -90*l = -91*l + 4*z + 51. Calculate the greatest common factor of l and 441.
